a) be the first derivative of -3*a**4 + 2*a**3/3 - a**2/2 + 30. Let o(y) = -8*y - 79. Let k be o(-10). What is g(k)?
-11
Let d(n) be the second derivative of n**3 + 2*n. Let u(p) be the third derivative of p**4/24 + 12*p**2. Let h(j) = d(j) - 5*u(j). Determine h(7).
7
Suppose -3*s - 2*f + 1 = 3, 5 = 5*s - 5*f. Suppose s = -5*u + 3*u + 2. Let l = u + 0. Let w(x) = 3*x**2 + 2*x - 1. Determine w(l).
4
Let v(w) = -w - 4. Suppose -4 = -4*o + 8, 50 = -5*g + 5*o. Let i be v(g). Suppose l + 18 = -3*n, 0 = i*n + n - 3*l + 11. Let f(t) = t - 2. Give f(n).
-7
Suppose 0 = -4*o + 6*p - 2*p, 5*p - 24 = -3*o. Let g(v) = 2*v - o*v + 2*v + 1. Suppose -5*u + k + 4 - 14 = 0, 0 = -3*k. Determine g(u).
-1
Let z(a) = 6*a**2 - 39*a + 24. Let m(k) = -k**2 + 6*k - 4. Let y(d) = 13*m(d) + 2*z(d). Let f be -3 + (-3)/9*0. Give y(f).
-13
Let n(s) = s**3 + 9*s**2 - 3*s - 5. Let t(b) = b - 1. Let f(z) = n(z) + 2*t(z). Give f(-9).
2
Let s = 0 - -2. Let a = 4 - s. Let c(q) = 6 - 8 + 4 + 0*q**2 - 2*q**2. Give c(a).
-6
Let z be (0 + 0/(-5))*-1. Let b(v) = v + 3. Give b(z).
3
Let j(s) = -s**2 - 11*s - 15. Let d = -434 - -424. What is j(d)?
-5
Let x(a) = 16*a + 8. Let v(q) = 14*q + 8. Let s(h) = -4*v(h) + 3*x(h). Calculate s(-4).
24
Let r(v) = 5*v**2 - 3*v**2 - 11 + v + 5*v**2 - 6*v**2. Give r(-5).
9
Let t(w) = -14*w + 2*w + 9*w - w**2 + 11*w - 5. What is t(8)?
-5
Let l be (-6)/(-8)*4/3. Let j be l + -2 + 0 - 0. Let z(y) be the second derivative of y**5/20 + 2*y. Calculate z(j).
-1
Let w(o) = o**2 - 7*o + 8. Let m(j) = 4*j + 1. Let s be m(1). Suppose 0*q + 115 = s*q. Let g = -17 + q. Calculate w(g).
2
Let y(k) be the second derivative of k**5/60 - k**4/8 - 11*k**3/3 - 21*k. Let v(s) be the second derivative of y(s). What is v(3)?
3
Let m(y) = -y - 1. Let i = 12 + -8. Let l be m(i). Let x(d) = -8*d + 10. Let s(n) = 9*n - 11. Let o(p) = l*s(p) - 6*x(p). Calculate o(5).
10
Let c be 28/(-70) - 7/(-5). Let i(h) = h - 1. Let r(k) = k**2 - 3*k + 5. Let t(u) = c*r(u) + 6*i(u). What is t(-4)?
3
Let k(d) = 2*d + 3 - d + 10. Let x be k(-9). Suppose u = -5, x*p - 3*u + 14 = -u. Let c(o) = -o - 1. Calculate c(p).
5
Let b(s) = -s**2 - 7*s + 14. Let a be b(-8). Let t(f) be the first derivative of -f**2/2 - 7*f + 17. What is t(a)?
-13
Let l(j) = j + 1. Let v be l(4). Suppose 15 = 5*k, 0*o + 6 = 3*o + v*k. Let q(c) = -c**2 - 4*c - 2. Determine q(o).
1
Let a = 1215 + -1219. Let l(r) = -r**2 - 3*r + 9. Give l(a).
5
Let h(u) be the second derivative of -u**3/2 + u**2/2 + 5*u + 1. Calculate h(-2).
7
Let p = -103 - -58. Let a = p - -78. Suppose 0*z - 4*z = -3*t - a, 3*z = 4*t + 37. Let y(w) = -w**2 - 7*w + 6. What is y(t)?
6
Let c(s) = -3*s - 29. Let p = -760 - -744. Give c(p).
19
Suppose 0 = v - 5 + 93. Let m be v/14 - 8/(-28). Let z(c) be the third derivative of -c**5/60 - 5*c**4/24 + 2*c**3/3 + 3*c**2 - 25*c. Determine z(m).
-2
Suppose 0 = 2*r - 2*a, -5*r + 9*r + 3*a = -7. Let c(j) = -25*j - 2. Determine c(r).
23
Let l be 4 + -1*2/1. Let t(k) = 2 + l*k - 2*k - 2*k. Let j be ((-26)/1287*-22)/((-4)/18). What is t(j)?
6
Let u(o) = 4*o**3 - o + 1. Let l be 64/(-352) + 26/22. Give u(l).
4
Let m(n) = 7*n + 37. Let u be m(-5). Let g(p) = -p**2 + 2*p. What is g(u)?
0
Let x(m) be the second derivative of -m**3/2 + 2*m**2 - 3*m. Suppose 3*k - 9 = 3. Calculate x(k).
-8
Let f(r) = r**3 - 3*r - r**2 - 2*r - r - 9 + 7*r**2 + 0*r. Calculate f(-6).
27
Let o(d) = -2*d**2 + 21*d - 7. Let a(i) = i**3 - 9*i**2 - 35*i - 1. Let x be a(12). What is o(x)?
-18
Let z(l) = -l**2 - l**2 - 6739 - 3*l + 6738. Calculate z(-2).
-3
Let l be 5 + -2 + (-2 - -2). Let q(s) be the first derivative of s**3/6 - 3*s**2 - 17*s - 12. Let w(h) be the first derivative of q(h). What is w(l)?
-3
Let p(l) = l**3 - l**2 + 5*l - 4. Let x(h) = h**3 + h. Let b(i) = p(i) - 2*x(i). Suppose -3*g = -3*f, 0 = 2*g - 3*f + 2. Suppose -d = 1 + g. What is b(d)?
5
Let h(b) = 2*b**2 - 2*b - 5. Let x(s) = -s**2 - s - 1. Let t(z) = h(z) + 3*x(z). Give t(-4).
-4
Let i be (-24 + 20)/(-1 + -1). Suppose -i*z + 55 = 3*z. Let k(y) = -4 + 7*y + 7*y**2 + 7 - z*y**3 + 10*y**3. Determine k(8).
-5
Let w(a) = a**3 + 5*a**2 - 2*a. Let c be 1*(-24)/6 + 0/1. Give w(c).
24
Let w(s) = 22*s**3 + 9*s**2 - 18*s - 21. Let m(y) = -5*y**3 - 2*y**2 + 4*y + 5. Let p(b) = -9*m(b) - 2*w(b). What is p(-3)?
-30
Let x(f) = f**3. Let m(y) = -18*y**2 + 39*y - 18. Let g(n) = -m(n) + x(n). Give g(-20).
-2
Let l(z) = z**3 + 6*z**2 + z + 8. Let c = -119 + 113. Calculate l(c).
2
Let j(b) = -2*b + 11. Suppose -4*l + 69 = 29. Calculate j(l).
-9
Let c(a) = 9*a - 3*a + 6 + a - 2. Let t(v) = 15*v + 9. Let w(h) = 13*c(h) - 6*t(h). What is w(0)?
-2
Suppose d - 396 = -379. Let r(t) = -2*t**2 + 34*t. Determine r(d).
0
Let s(q) = -q**2 + 2*q - 2. Let i(c) = c - 7. Let z = 5 - 5. Suppose z*l - 27 = -3*l. Let o be i(l). Calculate s(o).
-2
Let d(k) be the first derivative of -k**3/3 + 9*k**2/2 + 8*k - 42. What is d(6)?
26
Let t(j) = j**3 - j**2 - 5*j + 3. Suppose 60*s - 63*s = 27. Let c(f) = -4*f**3 + 4*f**2 + 21*f - 12. Let w(n) = s*t(n) - 2*c(n). Give w(2).
-1
Suppose 7*z - 39 = -4. Let l(p) = p**2 - 5*p + 7. What is l(z)?
7
Let q(f) = -f**2 + 5*f - 3. Suppose 8 - 2 = 3*k. Suppose -3 = -k*o + d, 3*d = -3*o + 2 + 25. Give q(o).
1
Let j(o) = o. Let v = 25 + 23. Suppose 0 = v*w - 45*w + 6. What is j(w)?
-2
Let z(t) = 3*t - 2. Let c be z(3). Let g(l) = -14*l - 108. Let s(x) = 4*x + 30. Let o(k) = -5*g(k) - 18*s(k). What is o(c)?
-14
Let p(f) = f**3 + 7*f**2 - 8*f + 17. Suppose -4*b + 13 = 5*c + 40, b + 4 = -4*c. Calculate p(b).
17
Let d(p) = 2*p - 1 + p**3 - 2*p**3 + 4*p - 5*p**2. Let c be (1/1)/(-12 + 11). Let f be (-9 + 12)/(c/2). Give d(f).
-1
Suppose 11 = -0*n - n - 5*h, 4*h + 28 = 4*n. Let l(x) = -2*x - 2 - 1 + n + 1. Let f = 2 - -4. Give l(f).
-10
Let r(h) = -728 + 0*h - 735 - 732 + 2200 - h. Determine r(-6).
11
Suppose -3*h - 18 = 6*s - 10*s, 4*h = -3*s + 26. Let t(g) be the first derivative of g**2/2 - 3*g + 1. Determine t(s).
3
Let j be (-19085)/825 - 2/(-15). Let s(q) = -q - 28. Calculate s(j).
-5
Let r(b) = 5*b**3 - 4*b**2 - 3*b - 8. Let u(t) = 14*t**3 - 12*t**2 - 9*t - 22. Let f(g) = 11*r(g) - 4*u(g). Determine f(5).
-10
Let k(j) = -j**2 + 9*j - 10. Let m be 3/(-30)*-86 + (-2)/(-5). Determine k(m).
-10
Suppose -34 - 46 = -4*y. Suppose 4*j = -5*o - y, -5*o + 3*o = 4*j + 20. Suppose -6*x + 2*x - 20 = o. Let h(q) = -q - 1. Calculate h(x).
4
Let m(n) = -n**3 + n + 1. Let o(a) = -4*a**3 - a**2 + 6*a + 6. Let g(p) = -3*m(p) + o(p). Suppose 3*x = -13 + 4. What is g(x)?
12
Let u be (-4 + -1 - 0)/(-2 + 1). Let z(c) = -c**2 + 5*c + 5. Calculate z(u).
5
Let q(y) = y**3 - 5*y**2 - 5. Let l(x) = -x**2 + 9*x - 10. Let w be l(7). Let o = w + -5. Let u be 10*2*o/(-4). Determine q(u).
-5
Let f(a) = 14 - 49*a**2 + 46*a**2 - 16*a - a**3 + 20*a**2. What is f(16)?
14
Suppose -6*y + 40 = -y. Let v(u) be the third derivative of u**5/60 - 7*u**4/24 - 4*u**3/3 + 52*u**2 - 5. Determine v(y).
0
Let s(x) be the third derivative of 1/120*x**6 + 1/6*x**4 + 0 + 7/6*x**3 - 2/15*x**5 + 0*x + 29*x**2. Calculate s(7).
-14
Suppose -166*v + 149*v = -68. Let w(z) = 2*z - 1. Calculate w(v).
7
Let b = 287 - 282. Let t(r) = -r + 11. What is t(b)?
6
Let p(n) = -n**2 + n + 110. Let m be p(11). Let f(b) = -b**3 + 7. Give f(m).
7
Suppose 0*z = z + 4*z. Let i(d) = -37 - 4*d + z*d + 39. Determine i(-2).
10
Suppose 4*c = -c + 5*l + 15, -l + 25 = 3*c. Let y = c + -13. Let m be (-4)/y*(-30)/(-4). Let f(d) = -3*d + 6. Calculate f(m).
-9
Let h(f) = 48 - f + 42 - 78 + f**2 - 8*f. Calculate h(8).
4
Let n(w) = w**2 - 14*w + 5. Let p be (-112)/(-5 + 1)*(-1)/(-2). Let j be n(p). Let g(v) = -v**3 + 6*v**2 - 2*v + 3. Determine g(j).
18
Suppose -8*s - 23 = -w - 4*s, 0 = 5*w + s - 10. Let c(x) = -4*x**2 - w*x**2 + 9 - 8. Give c(1).
-6
Let k(d) = -2*d + 8. Suppose j - 12 = 5*m, 3*j - m + 2 = 24. Let x = 0 + j. Determine k(x).
-6
Let i(j) be the third derivative of -j**6/120 + j**5/10 - 5*j**4/24 + 2*j**3/3 - 54*j**2. Determine i(6).
-26
Let j(r) = -3 + 1 - 2 - 4 + 7 + 4*r**2 - r**3. What is j(3)?
8
Let d = -60 + 60. Suppose -r - h + 3 = d, -12 = 2*r - 4*r - 5*h. Let m(z) = -11*z. Give m(r).
-11
Let z(m) = m**2 + 1. Let v(f) = 4*f**2 - 2*f + 6. Let o(g) = v(g) - 5*z(g). Suppose -37 = -8*r - 29. Give o(r).
-2
Suppose -49*b = -18*b + 124. Let x(w) = -w**3 - 5*